{"id":11,"date":"2012-07-02T12:26:09","date_gmt":"2012-07-02T10:26:09","guid":{"rendered":"http:\/\/archteam-architekten.de\/at\/?page_id=11"},"modified":"2020-11-30T10:54:44","modified_gmt":"2020-11-30T08:54:44","slug":"buro","status":"publish","type":"page","link":"https:\/\/archteam-architekten.de\/?page_id=11","title":{"rendered":"B\u00fcro"},"content":{"rendered":"<p style=\"text-align: center;\"><img loading=\"lazy\" decoding=\"async\" width=\"960\" height=\"230\" class=\"aligncenter wp-image-902\" src=\"http:\/\/archteam-architekten.de\/wp-content\/uploads\/2012\/07\/buero-01.jpg\" alt=\"buero-01\" srcset=\"https:\/\/archteam-architekten.de\/wp-content\/uploads\/2012\/07\/buero-01.jpg 960w, https:\/\/archteam-architekten.de\/wp-content\/uploads\/2012\/07\/buero-01-300x71.jpg 300w, https:\/\/archteam-architekten.de\/wp-content\/uploads\/2012\/07\/buero-01-250x59.jpg 250w, https:\/\/archteam-architekten.de\/wp-content\/uploads\/2012\/07\/buero-01-640x153.jpg 640w, https:\/\/archteam-architekten.de\/wp-content\/uploads\/2012\/07\/buero-01-780x186.jpg 780w\" sizes=\"auto, (max-width: 960px) 100vw, 960px\" \/><\/p>\n<p><strong>\u00dcber das B\u00fcro<\/strong><\/p>\n<p>Gr\u00fcndungsdatum: 1996<\/p>\n<p><strong>Inhaber:<\/strong>&nbsp;&nbsp;&nbsp;&nbsp;&nbsp;&nbsp;&nbsp;&nbsp;&nbsp; Christian Peirick, Martin Redemann<\/p>\n<p><strong>Architekten:<\/strong>&nbsp; Marvin Prie\u00df, Uwe Lippold<\/p>\n<p><strong>Bauzeichner: <\/strong>Jens Schran, Georgii Sokolov<\/p>\n<p>&nbsp;<\/p>\n<p>dar\u00fcber hinaus projektbezogen eine wechselnde Anzahl von freien Mitarbeitern, Studenten und Praktikanten<\/p>\n<p>Mitglied in der Architektenkammer NRW<\/p>\n<p>&nbsp;<\/p>\n<p><strong>Leistungsschwerpunkte<\/strong><\/p>\n<p>Soziale und \u00f6ffentliche Einrichtungen (Kindertagesst\u00e4tten, Gemeindezentren, Sportst\u00e4tten)<br \/>\nWohnungsbau (freistehende Einfamilienh\u00e4user bis hin zu Geschosswohnungsbauten)<br \/>\nNeubau \/ Umbau<br \/>\nProjektentwicklung, Grundst\u00fccksentwicklung<\/p>\n<p>&nbsp;<\/p>\n<p><strong>Wettbewerbe (Auswahl)<\/strong><\/p>\n<ul>\n<li>Neugestaltung des Bahnhofsbereichs, Kempen &#8211; 1997<br \/>\nf\u00fcr Wolters Partner 2. Platz<\/li>\n<li>Neugestaltung der historischen Uferzone, Kostroma\/Russland &#8211; 1998<br \/>\nf\u00fcr Wolters Partner 2. Platz<\/li>\n<li>Christuskirche, Gladbeck &#8211; 1. Phase &#8211; 1998<br \/>\nf\u00fcr Wolters Partner 1. Platz<\/li>\n<li>Christuskirche, Gladbeck &#8211; 2. Phase &#8211; 1999<br \/>\nf\u00fcr Wolters Partner 1. Platz<\/li>\n<li>Workshop Umgestaltung des Bahnhof-Carr\u00e9es, M\u00fcnster-Hiltrup &#8211; 1998<br \/>\nf\u00fcr Wolters Partner 1. Platz<\/li>\n<li>Workshop Umnutzung der ehemaligen Zeche Schlegel und Eisen, Herten &#8211; 1999<br \/>\nf\u00fcr Wolters Partner 1. Platz<\/li>\n<li>Wettbewerb zur Umgestaltung der Vorpl\u00e4tze des &#8222;Dortmunder U&#8220; &#8211; 2007<br \/>\nIn Kooperation mit dem &#8222;Treibhaus&#8220; B\u00fcro f\u00fcr Landschaftsarchitektur Ankauf<\/li>\n<\/ul>\n<p><strong>Partner<\/strong><\/p>\n<p><a href=\"http:\/\/www.wbg-reale-werte.de\/\">Reale Werte Wohnungsbaugenossenschaft<\/a>, Holzwickede<br \/>\n<a href=\"http:\/\/www.stahlbau-viet.de\/\">Walter Viet Stahlbau GmbH<\/a> (Gesch\u00e4ftsf\u00fchrer: Christian Sprenger), Dortmund<br \/>\nReinhard Frank (Projektentwicklung und Standortakquisition), Dortmund<\/p>\n","protected":false},"excerpt":{"rendered":"<p>\u00dcber das B\u00fcro Gr\u00fcndungsdatum: 1996 Inhaber:&nbsp;&nbsp;&nbsp;&nbsp;&nbsp;&nbsp;&nbsp;&nbsp;&nbsp; Christian Peirick, Martin Redemann Architekten:&nbsp; Marvin Prie\u00df, Uwe Lippold Bauzeichner: Jens Schran, Georgii Sokolov &nbsp; dar\u00fcber hinaus projektbezogen eine wechselnde Anzahl von freien Mitarbeitern, Studenten und Praktikanten Mitglied in der Architektenkammer NRW &nbsp; Leistungsschwerpunkte Soziale und \u00f6ffentliche Einrichtungen (Kindertagesst\u00e4tten, Gemeindezentren, Sportst\u00e4tten) Wohnungsbau (freistehende Einfamilienh\u00e4user bis hin zu Geschosswohnungsbauten) Neubau [&hellip;]<\/p>\n","protected":false},"author":1,"featured_media":0,"parent":0,"menu_order":2,"comment_status":"closed","ping_status":"closed","template":"full-width-page.php","meta":{"ngg_post_thumbnail":0,"footnotes":""},"class_list":["post-11","page","type-page","status-publish","hentry"],"_links":{"self":[{"href":"https:\/\/archteam-architekten.de\/index.php?rest_route=\/wp\/v2\/pages\/11","targetHints":{"allow":["GET"]}}],"collection":[{"href":"https:\/\/archteam-architekten.de\/index.php?rest_route=\/wp\/v2\/pages"}],"about":[{"href":"https:\/\/archteam-architekten.de\/index.php?rest_route=\/wp\/v2\/types\/page"}],"author":[{"embeddable":true,"href":"https:\/\/archteam-architekten.de\/index.php?rest_route=\/wp\/v2\/users\/1"}],"replies":[{"embeddable":true,"href":"https:\/\/archteam-architekten.de\/index.php?rest_route=%2Fwp%2Fv2%2Fcomments&post=11"}],"version-history":[{"count":53,"href":"https:\/\/archteam-architekten.de\/index.php?rest_route=\/wp\/v2\/pages\/11\/revisions"}],"predecessor-version":[{"id":1232,"href":"https:\/\/archteam-architekten.de\/index.php?rest_route=\/wp\/v2\/pages\/11\/revisions\/1232"}],"wp:attachment":[{"href":"https:\/\/archteam-architekten.de\/index.php?rest_route=%2Fwp%2Fv2%2Fmedia&parent=11"}],"curies":[{"name":"wp","href":"https:\/\/api.w.org\/{rel}","templated":true}]}}